t o(p) = 2*p**3 - 3*p**2 - p + 6. Let s be o(3). What is the greatest common divisor of s and 210?
30
Let g(a) = -6*a - 22. Let k be g(-4). Let n = 2 + -1. Calculate the greatest common factor of n and k.
1
Let b be (-327)/(-9) - 0 - 3/9. What is the greatest common divisor of b and 9?
9
Let v = -8 + 13. Let y = -102 + 122. What is the highest common divisor of v and y?
5
Suppose 0*a - 14 = -3*a + 5*p, -5*a = 2*p - 13. Suppose -366 = -3*j + a*n, 0 = 2*j - 6*j - n + 473. Calculate the highest common divisor of 17 and j.
17
Suppose 4*d - 15 = 1, 5*o = d + 46. Suppose -31*n = -4*n - 2430. What is the greatest common factor of n and o?
10
Let t(c) = -6*c + 1 + 3 + 18*c + 0. Let q be t(5). What is the highest common factor of q and 16?
16
Let u = 12 + 142. Calculate the highest common factor of u and 22.
22
Let a(b) = -8*b + 1. Let x be a(-5). Suppose 0 = -4*c - x + 129. Let g(n) = -n**2 - 7*n + 12. Let t be g(-5). What is the highest common divisor of t and c?
22
Let r(y) be the first derivative of 0*y**2 - 5*y + 2*y**2 + 3 - 2*y. Let o be r(7). Calculate the greatest common factor of 7 and o.
7
Let u be (-9)/(-3) - -2*11. Let c(o) = -o. Let a be c(-5). What is the highest common divisor of u and a?
5
Suppose 90 + 75 = 5*x. What is the greatest common factor of x and 11?
11
Suppose -z = -0*z. Suppose z = 3*j - 3 - 0. What is the greatest common divisor of 7 and j?
1
Let y = 40 - 0. Let w be y/3 + 4/6. What is the greatest common factor of 21 and w?
7
Let v be ((-4)/(-6))/((-4)/(-18)). Let c(o) = 37*o**v - 2 - 2*o**2 + 19*o**3 + 3. Let l be c(1). What is the highest common divisor of 5 and l?
5
Let p = -93 - -137. Let w be -2*(2 - 1) + 13. What is the greatest common divisor of p and w?
11
Suppose -q + 2*t = -6, 0 = -2*q + q - 2*t + 14. What is the highest common factor of 2 and q?
2
Let s(b) = b**3 + 6*b**2 + b + 8. Let c be s(-6). Suppose h + 49 = 4*d + c*h, -4*d + 3*h + 45 = 0. What is the highest common factor of 24 and d?
12
Suppose 0 = 5*w - 10. Suppose w*h + 4*l - 32 = 0, -2*l - 5 = -2*h + 21. Calculate the highest common factor of h and 14.
14
Let j(u) = 2*u + 1. Let f be j(2). Let n be (7 - f) + 1*10. Calculate the highest common factor of n and 108.
12
Suppose 2*h = 1 + 1. Let d be 15/1*(-64)/48. Let m be d*(h - (1 - -1)). Calculate the greatest common divisor of 4 and m.
4
Suppose -4*x - 20 = -4, -5*x - 85 = -5*q. Calculate the highest common factor of 26 and q.
13
Suppose 18 = 5*p - 2. What is the highest common factor of 8 and p?
4
Let o(d) = 12*d. Let m = 6 - 5. Let s be o(m). Calculate the greatest common factor of s and 60.
12
Suppose -3*w = -6*w - 9, 5*p - 59 = -2*w. Let r = 32 + -19. Calculate the highest common factor of p and r.
13
Let s = -19 + 33. Suppose b - 3*b - 20 = 4*r, 0 = -5*r + 3*b - s. Let k = 12 + r. What is the highest common divisor of k and 1?
1
Let v(l) = -l**3 + 14*l**2 + 17*l - 12. Let y be v(15). Calculate the greatest common divisor of y and 6.
6
Let v(i) = -i + 15. Let l be v(0). Suppose -5 - l = -5*m, -f + 5*m = 15. Calculate the highest common factor of f and 1.
1
Suppose -g = g - 32. Let x(z) = -2*z. Let r be x(-1). What is the highest common factor of r and g?
2
Let l be (-1148)/(-49) - (-6)/(-14). What is the highest common divisor of 184 and l?
23
Let n = -4 - -6. Suppose n*f - 1 = 3. What is the highest common factor of 16 and f?
2
Let i = 67 - 31. Let p(b) = -b**3 + 9*b**2 - 9*b + 4. Let h be p(8). Let d be 2 + h + (-26)/(-1). What is the highest common factor of i and d?
12
Let i be -15*((-6)/5 + 0). Calculate the greatest common divisor of i and 3.
3
Let u be 10 - 1 - (-2 + 5 + -3). What is the highest common divisor of u and 99?
9
Suppose 90 = 3*a + 87. Calculate the greatest common factor of 11 and a.
1
Let z(l) = -l. Let n be z(-2). Suppose 0 = 3*y + n*m - 65, -y + 5*m = -4*y + 77. Let s = y + -2. What is the greatest common divisor of s and 153?
17
Let i = -114 + 239. Suppose 0 = -5*j + j - g - 67, 3*j + 2*g = -54. Let m = j + 41. What is the highest common factor of m and i?
25
Suppose 7 + 2 = c. Suppose -4*l + l + 108 = 0. What is the greatest common factor of l and c?
9
Let q(c) = -c**3 + 11*c**2 - 9*c - 1. Let r be q(10). What is the highest common divisor of r and 18?
9
Let h = -21 + 35. Let o = 1 + 1. Let w = 9 - o. Calculate the greatest common factor of h and w.
7
Suppose 669 = 4*g - 2*s + 5*s, 3*s + 156 = g. What is the greatest common factor of g and 11?
11
Let i = -10 - -30. What is the greatest common divisor of i and 80?
20
Suppose -640 = -17*c + 13*c. Calculate the greatest common factor of c and 10.
10
Suppose 0 = 3*i - 5*g - 39, i = -3*i - 2*g + 26. Calculate the highest common factor of 12 and i.
4
Suppose -i - 4*i - 4*m = -12, 3*i - 3*m - 18 = 0. Calculate the highest common factor of i and 2.
2
Let n = -56 + 177. Let z(s) = 2*s + 1. Let l be z(5). What is the greatest common factor of n and l?
11
Suppose 5*v - 29 = 61. Calculate the greatest common divisor of v and 18.
18
Let x(d) = d**2 + d. Let v be x(0). Suppose v*l + 4*l - 20 = -k, 3*k + l = 38. What is the highest common factor of k and 4?
4
Suppose -2*h = 2*h - 372. Calculate the highest common factor of 31 and h.
31
Suppose l - 2*m - 16 = 0, 3*m + 2*m = 10. Calculate the highest common divisor of l and 4.
4
Let j(q) = q + 12. Let h be j(-8). What is the greatest common divisor of h and 1?
1
Let b(r) = 20*r - 2. Let a = -6 - -7. Let d be b(a). Calculate the highest common divisor of d and 18.
18
Let t(r) = 3*r**2 - 3*r - 12. Let n be t(4). What is the greatest common divisor of 216 and n?
24
Let s(i) = 2*i**3 + i**2 - 2*i. Let d be s(-2). Let r(j) = -j**2 - 11*j - 6. Let x be r(d). Calculate the greatest common divisor of 90 and x.
18
Suppose v + 3*x + 8 = 53, -46 = -2*v + 5*x. What is the greatest common divisor of v and 22?
11
Suppose 4*d = -5*y - 0*d + 43, -2*y + 4*d = -34. Calculate the highest common factor of 22 and y.
11
Let v = -159 - -166. Calculate the greatest common factor of v and 21.
7
Let i be (-2)/(-3)*348/8. Calculate the highest common factor of 203 and i.
29
Suppose -138 = 5*g + 4*q + 2, 4*g - 5*q + 71 = 0. Let s be (g/(-16))/(1/30). What is the greatest common factor of s and 9?
9
Let g be (3/(-3) - -73) + -2. Let s = 0 - -4. Suppose -s*m + 56 = -2*m. What is the highest common factor of g and m?
14
Let s be ((-1)/3 - -1)/(9/189). What is the highest common divisor of s and 112?
14
Let d = 48 - 40. Calculate the highest common factor of d and 20.
4
Let y be (-14)/(-4) - 7/14. Calculate the highest common factor of 27 and y.
3
Suppose -5*w + 1215 = 4*w. What is the greatest common factor of 15 and w?
15
Suppose 19 = -3*z + 79. Suppose 40 = i + i. What is the greatest common factor of i and z?
20
Let w be 12/(-7)*21/(-6). What is the greatest common factor of w and 48?
6
Suppose 0 = -2*j + 2 - 14. Let d = j - -50. Suppose -v = v - d. What is the greatest common divisor of 22 and v?
22
Suppose 2*x + 3 = 7. Suppose 0 = 4*r + 10 + x. Let p be (-2 - r)/1 + 2. What is the highest common factor of p and 3?
3
Suppose 0 = 3*j - 225 + 33. What is the greatest common factor of j and 4?
4
Suppose 3*b - 42 = 3*g, 5*b - 85 = -0*b + 2*g. Let l be (16/(-12))/(3/342*-2). What is the greatest common divisor of l and b?
19
Suppose 0*h + 2*h = 6. Suppose 2*q - 31 = -n, -3*n + 0*q = -q - 79. Calculate the highest common divisor of h and n.
3
Suppose r = 3*r - 3*m - 16, -2*m = -3*r + 19. Suppose -4*b - 1 = -r*b. Suppose -6 = 13*h - 19. Calculate the greatest common divisor of h and b.
1
Suppose 5*q - 442 = 3*q. Calculate the highest common divisor of 17 and q.
17
Suppose -13*i + 0*i + 13 = 0. Calculate the greatest common divisor of 4 and i.
1
Suppose 233 = 2*u - o, 4*o + 362 = 7*u - 4*u. Calculate the highest common divisor of u and 38.
38
Suppose -b + 2*j = -20, j + 0*j - 60 = -2*b. Let z(k) = k - 2. Let g be z(7). Suppose -g*o + 4*o + 70 = 0. What is the highest common divisor of o and b?
14
Let y(b) = 0 + 2 + b - 7 + b. Let l be y(4). Calculate the greatest common divisor of 33 and l.
3
Let i be (-1239)/(-15) + (-2)/(-5). Suppose 3*h - 97 - i = 0. Calculate the greatest common factor of 6 and h.
6
Let j(y) = -6*y**2 + 2*y + 3. Let a be j(-2). Let f = 39 + a. Calculate the highest common divisor of f and 7.
7
Let m